s the hundreds digit of 12759327?
3
What is the hundred thousands digit of 838205245?
2
What is the hundreds digit of 825850708?
7
What is the thousands digit of 1206377158?
7
What is the millions digit of 166329836?
6
What is the tens digit of 142732706?
0
What is the units digit of 77952036?
6
What is the hundred thousands digit of 78913609?
9
What is the millions digit of 688126729?
8
What is the units digit of 89033997?
7
What is the tens digit of 1985523627?
2
What is the millions digit of 28159878?
8
What is the hundreds digit of 4752599743?
7
What is the tens digit of 85236628?
2
What is the units digit of 24083787?
7
What is the millions digit of 28252944?
8
What is the millions digit of 309102755?
9
What is the millions digit of 155428749?
5
What is the thousands digit of 136004198?
4
What is the tens digit of 2016740183?
8
What is the ten millions digit of 35633539?
3
What is the hundreds digit of 1077535036?
0
What is the millions digit of 68455783?
8
What is the hundreds digit of 955758177?
1
What is the hundred thousands digit of 4791457746?
4
What is the tens digit of 176579393?
9
What is the billions digit of 1418286080?
1
What is the thousands digit of 1913062639?
2
What is the thousands digit of 4534257?
4
What is the thousands digit of 5346647192?
7
What is the hundreds digit of 771861787?
7
What is the ten millions digit of 132089796?
3
What is the millions digit of 193854708?
3
What is the units digit of 123201?
1
What is the thousands digit of 549987640?
7
What is the tens digit of 493611528?
2
What is the hundreds digit of 1597935304?
3
What is the hundred thousands digit of 24259848?
2
What is the units digit of 2435271925?
5
What is the thousands digit of 479159075?
9
What is the hundred thousands digit of 748590936?
5
What is the hundreds digit of 3380844755?
7
What is the units digit of 243307397?
7
What is the millions digit of 50049255?
0
What is the hundred thousands digit of 4571133?
5
What is the thousands digit of 129070964?
0
What is the hundred thousands digit of 55359569?
3
What is the millions digit of 130429033?
0
What is the millions digit of 110401687?
0
What is the hundred thousands digit of 2737745443?
7
What is the units digit of 95591406?
6
What is the hundred thousands digit of 506457260?
4
What is the hundred thousands digit of 528032323?
0
What is the tens digit of 1521548001?
0
What is the units digit of 113345366?
6
What is the ten millions digit of 332421341?
3
What is the ten thousands digit of 62598551?
9
What is the hundred thousands digit of 38705041?
7
What is the hundred millions digit of 3958648706?
9
What is the ten millions digit of 3132295401?
3
What is the tens digit of 7474201?
0
What is the thousands digit of 38553551?
3
What is the tens digit of 2297595781?
8
What is the hundred thousands digit of 306049684?
0
What is the tens digit of 4180894576?
7
What is the millions digit of 213636150?
3
What is the hundreds digit of 4092455599?
5
What is the thousands digit of 146920194?
0
What is the ten millions digit of 745398274?
4
What is the units digit of 64851055?
5
What is the ten millions digit of 2829057760?
2
What is the hundred millions digit of 404323137?
4
What is the thousands digit of 3229942634?
2
What is the thousands digit of 2602068346?
8
What is the ten millions digit of 485715991?
8
What is the hundreds digit of 1150570096?
0
What is the tens digit of 151062897?
9
What is the thousands digit of 38150716?
0
What is the hundred thousands digit of 222900290?
9
What is the ten millions digit of 133257236?
3
What is the tens digit of 125768548?
4
What is the hundred millions digit of 122429367?
1
What is the millions digit of 787284421?
7
What is the ten thousands digit of 2602097280?
9
What is the thousands digit of 532325991?
5
What is the hundreds digit of 5988947160?
1
What is the ten thousands digit of 27131967?
3
What is the millions digit of 1586375810?
6
What is the ten thousands digit of 44463785?
6
What is the tens digit of 552731748?
4
What is the tens digit of 686381?
8
What is the hundred thousands digit of 3399535938?
5
What is the hundred thousands digit of 5570381?
5
What is the millions digit of 457880017?
7
What is the thousands digit of 178623698?
3
What is the hundreds digit of 2000229196?
1
What is the hundreds digit of 158005429?
4
What is the thousands digit of 3935428653?
8
What is the units digit of 803203325?
5
What is the hundreds digit of 1073394711?
7
What is the ten thousands digit of 108338363?
3
What is the ten millions digit of 10028500?
1
What is the thousands digit of 28291081?
1
What is the tens digit of 49558044?
4
What is the millions digit of 619181960?
9
What is the hundred millions digit of 4324002753?
3
What is the hundred thousands digit of 52503508?
5
What is the thousands digit of 537156027?
6
What is the hundreds digit of 384353738?
7
What is the hundred millions digit of 404071385?
4
What is the units digit of 38666032?
2
What is the hundreds digit of 138384374?
3
What is the tens digit of 141591946?
4
What is the ten millions digit of 115969938?
1
What is the ten millions digit of 320545900?
2
What is the tens digit of 2310015554?
5
What is the thousands digit of 1371184467?
4
What is the millions digit of 245013799?
5
What is the hundreds digit of 32244443?
4
What is the tens digit of 26791014?
1
What is the hundreds digit of 108274912?
9
What is the thousands digit of 496713399?
3
What is the ten millions digit of 4202208919?
0
What is the millions digit of 119376203?
9
What is the units digit of 676841229?
9
What is the tens digit of 44102436?
3
What is the ten thousands digit of 186943259?
4
What is the millions digit of 2122246654?
2
What is the units digit of 447467384?
4
What is the tens digit of 240270790?
9
What is the tens digit of 772051068?
6
What is the ten millions digit of 275726824?
7
What is the millions digit of 41527924?
1
What is the hundred millions digit of 3657606672?
6
What is the ten millions digit of 7350575651?
5
What is the thousands digit of 270300768?
0
What is the millions digit of 560757089?
0
What is the tens digit of 1674195153?
5
What is the hundred thousands digit of 93865019?
8
What is the hundreds digit of 196416684?
6
What is the millions digit of 545812280?
5
What is the ten millions digit of 32175836?
3
What is the hundreds digit of 287486021?
0
What is the ten thousands digit of 3148479336?
7
What is the tens digit of 57925915?
1
What is the ten millions digit of 117595410?
1
What is the hundred thousands digit of 73118732?
1
What is the ten thousands digit of 14811964?
1
What is the ten millions digit of 1181759566?
8
What is the millions digit of 203425603?
3
What is the units digit of 59184878?
8
What is the units digit of 10330170?
0
What is the tens digit of 159647869?
6
What is the hundred millions digit of 2047159201?
0
What is the units digit of 28343033?
3
What is the ten thousands digit of 297431342?
3
What is the hundreds digit of 72293530?
5
What is the hundreds digit of 22125773?
7
What is the units digit of 456624470?
0
What is the units digit of 4365700385?
5
What is the ten millions digit of 5243978491?
4
What is the tens digit of 5697396889?
8
What is the hundred thousands digit of 219627406?
6
What is the hundred millions digit of 114569986?
1
What is the hundreds digit of 198117306?
3
What is the units digit of 116302060?
0
What is the hundred millions digit of 119386422?
1
What is the hundreds digit of 46599103?
1
What is the hundreds digit of 228416040?
0
What is the tens digit of 46380365?
6
What is the ten millions digit of 2556883047?
5
What is the hundreds digit of 2846079478?
4
What is the millions digit of 49059047?
9
What is the millions digit of 26112294?
6
What is the ten thousands digit of 460633181?
3
What is the units digit of 1247745215?
5
What is the tens digit of 193709338?
3
What is the hundreds digit of 808214993?
9
What is the tens digit of 42038715?
1
What is the ten thousands digit of 964224983?
2
What is the units digit of 589615669?
9
What is the units digit of 960118868?
8
What is the ten millions digit of 1732993379?
3
What is the tens digit of 2555447708?
0
What is the ten thousands digit of 62780499?
8
What is the thousands digit of 987